factors of 37920172?
2, 9480043
List the prime factors of 129534007.
3853, 33619
What are the prime factors of 812232729?
3, 7, 11, 19, 61687
List the prime factors of 1727521754.
2, 7, 47, 375059
List the prime factors of 798600354.
2, 3, 7817, 17027
List the prime factors of 24794251.
1493, 16607
What are the prime factors of 40306101?
3, 11, 271, 4507
List the prime factors of 2207110514.
2, 7, 157650751
What are the prime factors of 7121627?
809, 8803
What are the prime factors of 334069902?
2, 3, 18559439
List the prime factors of 148066307.
8887, 16661
List the prime factors of 134605524.
2, 3, 17, 659831
List the prime factors of 3780554967.
3, 7, 2161, 3967
List the prime factors of 380019745.
5, 7, 139, 11159
List the prime factors of 25819201.
4153, 6217
What are the prime factors of 1041420226?
2, 7, 11, 109, 8863
List the prime factors of 1194124990.
2, 5, 4639, 25741
What are the prime factors of 29253494?
2, 379, 38593
List the prime factors of 115361398.
2, 137, 241, 1747
What are the prime factors of 185655406?
2, 151, 614753
List the prime factors of 488912566.
2, 29, 8429527
List the prime factors of 117087523.
7, 127, 131707
List the prime factors of 951313824.
2, 3, 3303173
List the prime factors of 618993348.
2, 3, 51582779
List the prime factors of 121819919.
13, 9370763
List the prime factors of 577058036.
2, 251, 359, 1601
What are the prime factors of 89837088?
2, 3, 11, 241, 353
What are the prime factors of 2764625970?
2, 3, 5, 19, 29, 167249
What are the prime factors of 152943805?
5, 7, 113, 38671
List the prime factors of 1527359379.
3, 7, 13, 5594723
What are the prime factors of 3211288158?
2, 3, 13, 67, 614483
What are the prime factors of 1076703434?
2, 538351717
What are the prime factors of 78306878?
2, 13, 3011803
What are the prime factors of 11780207?
11780207
List the prime factors of 27771591.
3, 17, 191, 2851
What are the prime factors of 2461888043?
8353, 294731
List the prime factors of 1240393312.
2, 23, 1685317
List the prime factors of 34030026.
2, 3, 19, 5237
List the prime factors of 131258658.
2, 3, 79, 276917
What are the prime factors of 127592006?
2, 5717, 11159
What are the prime factors of 164012873?
164012873
List the prime factors of 3043770242.
2, 1521885121
What are the prime factors of 13364499?
3, 17, 262049
List the prime factors of 233179079.
7, 47, 708751
What are the prime factors of 396195263?
23, 17225881
List the prime factors of 613586870.
2, 5, 13, 23, 205213
List the prime factors of 7147833649.
11, 19, 31, 47, 23473
What are the prime factors of 6178915770?
2, 3, 5, 205963859
List the prime factors of 16955882.
2, 8477941
What are the prime factors of 202944247?
11, 59, 312703
What are the prime factors of 273208012?
2, 7, 11, 367, 2417
What are the prime factors of 141737002?
2, 11, 6442591
What are the prime factors of 51498538?
2, 7, 13, 282959
List the prime factors of 87589064.
2, 37, 295909
List the prime factors of 712805546.
2, 17, 547, 38327
List the prime factors of 406172107.
11, 59, 107, 5849
What are the prime factors of 96200431?
96200431
What are the prime factors of 41438014?
2, 71, 291817
What are the prime factors of 27381940?
2, 5, 1369097
List the prime factors of 74256708.
2, 3, 6188059
List the prime factors of 210465764.
2, 52616441
What are the prime factors of 18678975?
3, 5, 7, 47, 757
What are the prime factors of 58198701?
3, 11, 17, 9431
What are the prime factors of 33288753?
3, 643, 17257
List the prime factors of 176373736.
2, 7, 11, 40903
What are the prime factors of 1409762422?
2, 73, 9655907
List the prime factors of 2499803633.
3253, 768461
What are the prime factors of 100738074?
2, 3, 167, 100537
What are the prime factors of 6528324?
2, 3, 11, 19, 137
List the prime factors of 62298929.
7, 11, 19, 97, 439
What are the prime factors of 1866589046?
2, 7, 67, 4243
What are the prime factors of 521675192?
2, 17, 31, 123737
What are the prime factors of 88072258?
2, 19, 2317691
List the prime factors of 140686490.
2, 5, 7, 2009807
List the prime factors of 199689457.
11, 131, 138577
What are the prime factors of 459034176?
2, 3, 2390803
List the prime factors of 19417476.
2, 3, 13, 124471
List the prime factors of 253058319.
3, 193, 145687
What are the prime factors of 36425751?
3, 101, 239, 503
What are the prime factors of 15333770?
2, 5, 953, 1609
List the prime factors of 108652508.
2, 17, 107, 109, 137
List the prime factors of 31561477.
73, 432349
What are the prime factors of 3220244?
2, 805061
List the prime factors of 19744915.
5, 251, 15733
What are the prime factors of 1210470757?
41, 4153, 7109
What are the prime factors of 671970514?
2, 335985257
What are the prime factors of 3231125277?
3, 29, 113, 328667
List the prime factors of 161707337.
11, 73, 277, 727
What are the prime factors of 181689945?
3, 5, 12112663
What are the prime factors of 68917381?
13, 5301337
What are the prime factors of 337539916?
2, 7, 12054997
List the prime factors of 179919988.
2, 61, 103, 7159
List the prime factors of 3757095699.
3, 7, 37, 4835387
What are the prime factors of 2681354034?
2, 3, 148964113
What are the prime factors of 1266066824?
2, 11, 19, 47, 16111
List the prime factors of 305918655.
3, 5, 7, 17, 171383
What are the prime factors of 6859896?
2, 3, 53, 5393
List the prime factors of 273457977.
3, 13, 7011743
List the prime factors of 5691483072.
2, 3, 11, 89, 10093
List the prime factors of 2103107076.
2, 3, 7, 8345663
What are the prime factors of 665611822?
2, 332805911
List the prime factors of 2866069197.
3, 167, 479, 1327
List the prime factors of 15130471.
3313, 4567
What are the prime factors of 3571097262?
2, 3, 227, 2621951
What are the prime factors of 390253938?
2, 3, 17, 3826019
List the prime factors of 65529559.
947, 69197
What are the prime factors of 901997468?
2, 101, 179, 12473
What are the prime factors of 1900728570?
2, 3, 5, 13, 43, 113341
What are the prime factors of 6232736?
2, 31, 61, 103
List the prime factors of 1393366252.
2, 348341563
What are the prime factors of 13676909?
13676909
What are the prime factors of 5217498?
2, 3, 11, 13, 2027
List the prime factors of 528577688.
2, 61, 1083151
List the prime factors of 572470422.
2, 3, 83, 1149539
List the prime factors of 2222189707.
19, 823, 142111
What are the prime factors of 304562026?
2, 71, 83, 25841
What are the prime factors of 663271902?
2, 3, 454919
What are the prime factors of 5028756928?
2, 13, 41, 147419
What are the prime factors of 391003402?
2, 1423, 137387
List the prime factors of 501280823.
6761, 74143
List the prime factors of 2194567.
359, 6113
List the prime factors of 5518205.
5, 7, 11, 1303
What are the prime factors of 78843301?
929, 84869
What are the prime factors of 210654429?
3, 17, 4130479
List the prime factors of 3087449576.
2, 263, 1467419
What are the prime factors of 29631108?
2, 3, 13, 19, 769
What are the prime factors of 26769266?
2, 269, 49757
What are the prime factors of 145509190?
2, 5, 2339, 6221
What are the prime factors of 168648680?
2, 5, 31, 277, 491
List the prime factors of 53718951.
3, 11, 13, 125219
What are the prime factors of 588794767?
11, 53526797
List the prime factors of 692575814.
2, 7, 49469701
What are the prime factors of 1661127458?
2, 163, 5095483
List the prime factors of 4630400669.
1213, 3817313
What are the prime factors of 104333612?
2, 23, 49307
List the prime factors of 463496649.
3, 7, 11, 499, 4021
What are the prime factors of 52045237?
19, 2739223
What are the prime factors of 42252550?
2, 5, 41, 20611
What are the prime factors of 2637915404?
2, 659478851
What are the prime factors of 2277613480?
2, 5, 56940337
List the prime factors of 40463684.
2, 353, 28657
List the prime factors of 5273321.
241, 21881
What are the prime factors of 108425587?
108425587
What are the prime factors of 16655219?
7, 2379317
List the prime factors of 73745644.
2, 7, 607, 4339
What are the prime factors of 314636369?
139, 577, 3923
What are the prime factors of 1125762463?
7, 101, 499, 3191
What are the prime factors of 2122385556?
2, 3, 307, 389, 1481
What are the prime factors of 38941364?
2, 7, 11, 126433
List the prime factors of 28025923.
53, 528791
List the prime factors of 305485007.